remainder when 393427 is divided by 98308?
195
Calculate the remainder when 1623505 is divided by 49197.
4
What is the remainder when 2244085 is divided by 310?
305
Calculate the remainder when 99422373 is divided by 22.
17
Calculate the remainder when 4061726 is divided by 22.
20
What is the remainder when 75796199 is divided by 8144?
8135
What is the remainder when 146534001 is divided by 204?
189
What is the remainder when 1731495 is divided by 98?
31
What is the remainder when 12192053 is divided by 37?
35
What is the remainder when 1653668 is divided by 481?
471
Calculate the remainder when 60424 is divided by 239.
196
What is the remainder when 751977211 is divided by 76?
75
What is the remainder when 7787330 is divided by 990?
980
What is the remainder when 364564 is divided by 2531?
100
What is the remainder when 5901632 is divided by 82?
10
Calculate the remainder when 67252 is divided by 22048.
1108
Calculate the remainder when 1402018 is divided by 5816.
362
What is the remainder when 79031519 is divided by 1546?
1545
What is the remainder when 254594 is divided by 13?
2
What is the remainder when 172666484 is divided by 47?
46
Calculate the remainder when 4940 is divided by 250.
190
Calculate the remainder when 167460 is divided by 475.
260
Calculate the remainder when 1414356 is divided by 10554.
120
What is the remainder when 5409866 is divided by 33?
11
What is the remainder when 2284 is divided by 2268?
16
Calculate the remainder when 1561631 is divided by 1561596.
35
Calculate the remainder when 18580665 is divided by 4645161.
21
Calculate the remainder when 7629943 is divided by 57367.
132
What is the remainder when 1258625 is divided by 14377?
7826
What is the remainder when 184773 is divided by 442?
17
What is the remainder when 929527 is divided by 678?
667
Calculate the remainder when 39225293 is divided by 501.
500
Calculate the remainder when 37240 is divided by 7400.
240
What is the remainder when 290529 is divided by 3455?
309
Calculate the remainder when 108950748 is divided by 507.
504
Calculate the remainder when 774915237 is divided by 1057.
1055
Calculate the remainder when 3325615 is divided by 3325609.
6
What is the remainder when 294679 is divided by 3387?
10
Calculate the remainder when 744281 is divided by 999.
26
What is the remainder when 712250537 is divided by 13?
11
What is the remainder when 71717 is divided by 71268?
449
Calculate the remainder when 21799 is divided by 9230.
3339
What is the remainder when 1431222 is divided by 7191?
213
Calculate the remainder when 8954870 is divided by 407038.
34
What is the remainder when 177804 is divided by 25388?
88
What is the remainder when 1418720 is divided by 149?
91
Calculate the remainder when 438747 is divided by 43769.
1057
Calculate the remainder when 795356187 is divided by 9255.
9252
What is the remainder when 34593178 is divided by 12?
10
What is the remainder when 97929 is divided by 2726?
2519
Calculate the remainder when 23804596 is divided by 7.
4
Calculate the remainder when 47606139 is divided by 6838.
6821
What is the remainder when 1748767 is divided by 23315?
142
What is the remainder when 5787124 is divided by 286?
200
What is the remainder when 6596972 is divided by 827?
820
What is the remainder when 113765742 is divided by 699?
696
What is the remainder when 2333797305 is divided by 2481?
2478
What is the remainder when 10567621 is divided by 1049?
1044
Calculate the remainder when 1276216 is divided by 138.
130
Calculate the remainder when 176808723 is divided by 6800335.
13
What is the remainder when 2025978 is divided by 9?
6
What is the remainder when 40893940 is divided by 296?
60
Calculate the remainder when 216528 is divided by 633.
42
What is the remainder when 2902296 is divided by 580458?
6
Calculate the remainder when 1668119 is divided by 185318.
257
Calculate the remainder when 511843 is divided by 1048.
419
Calculate the remainder when 4530575 is divided by 804.
35
What is the remainder when 8574573 is divided by 34998?
63
What is the remainder when 98656 is divided by 24624?
160
What is the remainder when 277350 is divided by 90392?
6174
What is the remainder when 3463298 is divided by 13964?
226
Calculate the remainder when 34358 is divided by 2461.
2365
Calculate the remainder when 120025 is divided by 3307.
973
Calculate the remainder when 111969 is divided by 2946.
21
What is the remainder when 187260 is divided by 7792?
252
What is the remainder when 15554174 is divided by 88?
86
What is the remainder when 441445 is divided by 543?
529
Calculate the remainder when 31218 is divided by 9380.
3078
What is the remainder when 1686542 is divided by 52?
26
What is the remainder when 804727 is divided by 89413?
10
Calculate the remainder when 6263485 is divided by 682.
679
Calculate the remainder when 845991 is divided by 93991.
72
Calculate the remainder when 334443 is divided by 3346.
3189
What is the remainder when 19559 is divided by 465?
29
Calculate the remainder when 119562 is divided by 39821.
99
What is the remainder when 110178898 is divided by 36726296?
10
Calculate the remainder when 229070 is divided by 8370.
3080
Calculate the remainder when 5008268 is divided by 1810.
1808
Calculate the remainder when 1940984 is divided by 53916.
8
Calculate the remainder when 3160905 is divided by 418.
407
What is the remainder when 2788861 is divided by 766?
621
What is the remainder when 479671 is divided by 770?
731
What is the remainder when 156248689 is divided by 13160?
9
Calculate the remainder when 5501885 is divided by 1514.
9
What is the remainder when 30571406 is divided by 3698?
40
Calculate the remainder when 84439957 is divided by 1892.
1889
Calculate the remainder when 28971 is divided by 151.
130
Calculate the remainder when 565304 is divided by 2375.
54
Calculate the remainder when 6220079 is divided by 7275.
7229
What is the remainder when 77759 is divided by 24914?
3017
What is the remainder when 436878 is divided by 14?
8
Calculate the remainder when 76859 is divided by 108.
71
Calculate the remainder when 2186507 is divided by 437296.
27
What is the remainder when 195122 is divided by 1969?
191
What is the remainder when 20285361 is divided by 44?
41
Calculate the remainder when 1775347 is divided by 221917.
11
Calculate the remainder when 222238 is divided by 1032.
358
What is the remainder when 482004 is divided by 9093?
75
What is the remainder when 11520193 is divided by 1921?
1877
Calculate the remainder when 26287761 is divided by 1974.
3
What is the remainder when 1559612 is divided by 1768?
236
Calculate the remainder when 7630613 is divided by 70.
53
What is the remainder when 1238180 is divided by 2239?
13
What is the remainder when 10035659 is divided by 10035654?
5
Calculate the remainder when 1733245 is divided by 5366.
27
Calculate the remainder when 3697898 is divided by 19988.
118
Calculate the remainder when 2523720 is divided by 61554.
6
Calculate the remainder when 84745 is divided by 748.
221
Calculate the remainder when 25512461 is divided by 222.
221
What is the remainder when 24372251 is divided by 17?
14
What is the remainder when 17205527 is divided by 13666?
33
What is the remainder when 60658241 is divided by 927?
923
Calculate the remainder when 662933 is divided by 508.
501
Calculate the remainder when 18893753 is divided by 150.
53
What is the remainder when 1142391346 is divided by 42?
40
Calculate the remainder when 402184 is divided by 5359.
259
Calculate the remainder when 1650341591 is divided by 15.
11
Calculate the remainder when 799673 is divided by 35.
28
Calculate the remainder when 23202471 is divided by 17.
4
What is the remainder when 13044601 is divided by 13044599?
2
Calculate the remainder when 17915523 is divided by 895776.
3
Calculate the remainder when 117356 is divided by 58649.
58
What is the remainder when 432919797 is divided by 298?
297
What is the remainder when 32117 is divided by 2339?
1710
Calculate the remainder when 96567 is divided by 74.
71
What is the remainder when 2372190 is divided by 10543?
15
Calculate the remainder when 239726 is divided by 760.
326
What is the remainder when 5233204 is divided by 348878?
34
What is the remainder wh